 the remainder when (-1557)/(-6) + 10/u is divided by 52?
51
What is the remainder when 1226 is divided by 22/(330/525) - 20?
11
Let z = 479 - 183. Suppose 0 = 23*t - 19*t - z. What is the remainder when t is divided by 25?
24
Let h(o) = -4*o - 3. Let n be h(-2). Let g be 7/((-14)/6) + n. Suppose -2*r + 7 = 3*i - g*i, -5*r = -i. Calculate the remainder when 8 is divided by i.
3
Let o be (-3*1)/(87/116). Let r(c) = -23*c + 11. What is the remainder when r(o) is divided by 40?
23
Let z = -32442 + 32814. What is the remainder when z is divided by 34?
32
Let x = -55 + 102. Let r(v) be the third derivative of v**5/6 + v**4/12 + v**3/3 - v**2. Calculate the remainder when x is divided by r(-1).
7
Suppose -5999 - 9406 + 165 = -10*p. Calculate the remainder when p is divided by 193.
173
Let j = 153 + -150. Suppose -4*c = -j*k + 101, -10 = 7*c - 5*c. Calculate the remainder when k is divided by 10.
7
Let s be 3/(3/4) - 144/(-2). Suppose -4*a + s = -136. Let t = -9 - -20. What is the remainder when a is divided by t?
9
Let f be (-1 - 45)/(-2)*-1. Suppose 118*s - 122*s - 136 = 0. Let p = f - s. Calculate the remainder when 42 is divided by p.
9
Let k(w) = -6*w - 333. Let m(g) = 2*g + 166. Let p(x) = -4*k(x) - 7*m(x). What is the remainder when 30 is divided by p(-16)?
0
What is the remainder when 941 is divided by (-952)/136 - (15/10 + (-47)/2)?
11
Let j be 3500/(-15)*24/20. Let l = 732 + j. Calculate the remainder when l is divided by 38.
34
Suppose -5*p - 20 = 0, 4*s + 5*p + 30 = 9*s. Let k be ((-310)/93)/(s/87). Let i = -88 - k. Calculate the remainder when 282 is divided by i.
54
Suppose -19 = -3*w + 2. Let k be (6 + 5)/11 + (1271 - 0). Let b = -1255 + k. What is the remainder when b is divided by w?
3
Suppose -41*m + 506 = 14. Calculate the remainder when -4 - (224/84)/((-1)/m) is divided by 2/2*-1 + 16.
13
Let f = 681 + -678. Suppose f*b - 3182 = -4*l, -7*b = 2*l - 10*b - 1600. Calculate the remainder when l is divided by 100.
97
Let q = 1772 - 1523. What is the remainder when 255 is divided by q?
6
Suppose 2*y + 4*t + 29 = 95, -4*t = -5*y + 221. Suppose 5*p + 4*r - 419 = 0, 2*r - r = -2*p + 167. What is the remainder when p is divided by y?
1
Let r = 91 + -18. Suppose -3*a = -4*v + 58, -v - 667*a + 668*a + 13 = 0. Calculate the remainder when r is divided by v.
16
Let v = -43 + 48. Suppose 43 + 65 = -3*h - 5*f, -4*f - 193 = v*h. Let a = -30 - h. What is the remainder when 52 is divided by a?
8
Suppose 2*i + 14 = 3*r + 80, -3*i + 99 = 2*r. Let v(x) = 12*x - 216. What is the remainder when i is divided by v(19)?
9
Let d be (3/(-2))/((3/28)/(-1)). Let b be (-96 + d)*(-2)/(-4). Let c = -26 - b. Calculate the remainder when c is divided by 5.
0
Let c = 61 - -21. Suppose 242*v - 82*v - 65214 = 13346. What is the remainder when v is divided by c?
81
Let r(y) = 87*y**3 + y**2 - 2*y. Let t be 15/10 + 66/(-4). Let n = t - -16. What is the remainder when r(n) is divided by 23?
17
Suppose -81*c + 232 = -80*c. Calculate the remainder when 226 is divided by ((-9)/(36/c))/(-1).
52
Let d(m) = 8*m**2 - 4*m - 1. Suppose -3*s - 604 = -4*h, -2*s + 600 = 4*h - 6*s. Calculate the remainder when h is divided by d(-2).
37
Suppose -5*k = 38 + 32. Let n = -2461 + 2484. Calculate the remainder when (-3532)/k - (-2)/(-7) is divided by n.
22
Let m = 126 - 41. Let x = m + -82. Suppose 0 = -2*i + d + 98, -d - 2 - 143 = -x*i. Calculate the remainder when i is divided by 14.
5
Let f = -117 - -241. Suppose 2*q - 53 = 3*h, 0 = 4*q + 124*h - 126*h - 94. Calculate the remainder when f is divided by q.
14
Suppose -t + 80 = -3*c + 61, 193 = 5*t - c. Calculate the remainder when 1404 is divided by t.
4
Let q = 4479 + -3036. Calculate the remainder when q is divided by 17.
15
Let v(h) = 122*h + 899. Calculate the remainder when v(-5) is divided by 129.
31
Let m = 7168 + -7034. What is the remainder when m is divided by 5?
4
Let p(v) = -18*v**2 - 199*v + 8. What is the remainder when p(-11) is divided by 6?
1
Let h(w) = 46*w + 405. Let r be h(-9). Let x(u) = -62*u - 538. What is the remainder when 58 is divided by x(r)?
18
Suppose 0 = -3*i - 5*f + 578, 5*f - 960 = -5*i - 0*i. Let w = i - 119. Calculate the remainder when 283 is divided by w.
67
Let h(r) = r**2 + 2171*r + 10864. Calculate the remainder when 3700 is divided by h(-5).
28
Let v = 6058 - 6020. Let u be 1*(2 - (-3 - 0)). Suppose -u*c + 12 + 53 = 0. What is the remainder when v is divided by c?
12
Let b be -7*(-1)/(-4)*-4. Let r be (8 - 4 - 7) + b. Suppose r*i - 345 = -i. Calculate the remainder when i is divided by 14.
13
Calculate the remainder when 1179 is divided by 61 - (5123/763 + (-5)/((-35)/2)).
45
Let s(k) = 2*k + 10. Let x be s(-31). What is the remainder when 102 is divided by ((-4)/(-40)*x)/((-6)/15)?
11
Suppose 0 = -f - 2*l - 103, 5*f + 5*l - 164 = -654. Let i = f - -173. Let j = 272 + -255. What is the remainder when i is divided by j?
12
Let p(o) = o**2 - 77*o - 673. What is the remainder when 219 is divided by p(-8)?
2
Let p(k) = -k**3 - 109*k**2 - 108*k + 65. Calculate the remainder when 271 is divided by p(-108).
11
Suppose -4*v - 2*a + 158 = -a, 3*v - 122 = a. What is the remainder when 948/((-4)/2)*584/(-1168) is divided by v?
37
Let h = -592 - 2088. Calculate the remainder when 73 is divided by (-8)/6 - (h/24)/5.
10
Calculate the remainder when (63/(-9) - 9) + 150 is divided by 50.
34
Let k(b) = -60*b**2 + 361*b + 2. What is the remainder when 1454 is divided by k(6)?
6
Let l be 1/1 - (-4 + -22 + 3). Suppose -l = p - 131. Calculate the remainder when p is divided by 22.
19
Let a be (34 + -31)*(-10)/(-3). Suppose j = a - 0. Let n = -3 - -19. What is the remainder when n is divided by j?
6
Let z = 285 - 241. Suppose -5*g - 5 = 0, -5*g - z = -5*r - 6*g. What is the remainder when 34 is divided by r?
7
Suppose 0 = 2*m - 3*n - 96, -273*n - 4 = -275*n. Calculate the remainder when m is divided by 44.
7
Let w = -63 + 139. Suppose -4*p + 4*l + 48 = -0*l, 0 = -4*p - 3*l + w. What is the remainder when 61 is divided by p?
13
Let h be (400/(-140))/((-4)/70). Suppose -h + 76 = x. What is the remainder when 48 is divided by x?
22
Let a be 4/10 + (5 - (-1278)/30). Suppose -2*r + 76 - a = 0. Calculate the remainder when 347 is divided by r.
11
Suppose 2 = -b, 5*b = -5*h + 4*b + 1533. What is the remainder when h is divided by (-928)/(-12) - (-110)/165?
73
Suppose 65*a = 253*a - 166756. What is the remainder when a is divided by 27?
23
Suppose -q + 84 = 4*f - 2*q, 3*f - 2*q = 63. Let o = f + -3. What is the remainder when o is divided by (0 - -1*1)*(53/(53/(-48)) - -53)?
3
What is the remainder when 10294 is divided by ((-702)/(-390))/((-3)/(-20))?
10
Calculate the remainder when 7*78/(-182) + 2*181 is divided by 30.
29
Let y(o) = o**2 - 6*o + 66. Let f be -2 - (-48)/22 - 42/231. Calculate the remainder when y(f) is divided by 20.
6
Suppose 37 = 2*c + b, 77 = 5*c - b + 2. Let j be -1 - (-5 + 0)*3. Calculate the remainder when ((-4)/j)/(1/(-7)) - -60 is divided by c.
14
Suppose -23*u - 9*u = -416. Let t(f) = -88*f - 16. What is the remainder when t(-1) is divided by u?
7
Let c(t) = -2*t + 97. Let i be 15/(-20)*((6 - 2) + -12). What is the remainder when c(i) is divided by 8?
5
Let q(s) = -48*s - 97. Let f be q(4). Let u = f - -307. What is the remainder when u is divided by 15?
3
Let y = 517 - 513. Suppose 0 = g - y - 208. What is the remainder when g is divided by 43?
40
Suppose 14*o - 12*o + 4 = 0, 764 = 7*h - 4*o. What is the remainder when h is divided by 37?
34
Let s(f) = 244*f**3 - f. Suppose -259*q = -265*q + 294. What is the remainder when s(1) is divided by q?
47
Let y(c) = -2*c + 23. Let q be (-2019)/(-27) - (-2)/9. Let l be 170/q*3 + (-1)/(-5). Calculate the remainder when 23 is divided by y(l).
5
Let c(f) = 7*f**2 + 120*f + 911. Calculate the remainder when 8777 is divided by c(-8).
398
Let v be 8/((-200)/15) + 32/20. Calculate the remainder when 141 is divided by -5 + 38 - (v + 3).
25
Suppose 0 = -12*u + 1257 + 711. Suppose -104 = u*a - 165*a. Calculate the remainder when a is divided by 21.
20
Let t be 1/(-2) - 871/(-134). Suppose t*b - 9*b = -4*i - 53, -2*i = 3*b - 59. Let f = 2 + 8. Calculate the remainder when b is divided by f.
9
Suppose 0 = -19*c - 4222 + 16895. What is the remainder when c is divided